and 44?
22
Let m(r) = -15*r - 3. Let d be m(-21). Calculate the highest common factor of 72 and d.
24
Let t(p) = 45*p**3 - 2*p**2 + 3*p - 1. Let r be t(1). Suppose r = -8*j + 125. What is the highest common divisor of 70 and j?
10
Suppose 0 = -g + 5, -2*r + 0*r - 4*g + 52 = 0. Calculate the greatest common divisor of r and 4.
4
Suppose 3*c = -m + 2, -3*c - 5*m = -1 + 3. Let f = -39 - -41. Let v = f - c. Calculate the highest common factor of v and 5.
1
Suppose -5*r + r = -256. Let q = 6 + -41. Let w = 43 + q. Calculate the highest common divisor of w and r.
8
Let k be 560/(-120)*(-120)/14. What is the highest common divisor of 30 and k?
10
Let c = -22 - -49. Let g = -679 + 1161. Suppose -2*a = k - 3*k - 478, g = 2*a - k. What is the greatest common divisor of c and a?
27
Let k(w) = w**2 - 5*w + 12. Suppose 0*i - 5*i + 40 = 0. Let r be k(i). Let p = r - 21. What is the highest common factor of p and 75?
15
Suppose 50 - 3 = n. Suppose 5*k - 2575 = 2*l, -3*l = -2*k - 5*l + 1044. What is the highest common divisor of k and n?
47
Suppose 0 = -5*y - 5*k + 245, 4*y + 4*k = -y + 241. Let n = 19 + y. Suppose -f + 6 = 2*o, 0*f = 2*f - 5*o - 21. What is the highest common divisor of f and n?
8
Suppose 2*p = 5*p - 90. Let z(r) = r**2 - 2*r + 4. Let m be z(3). Suppose m*s - 5*s - 24 = 0. Calculate the greatest common factor of s and p.
6
Let a(l) = l - 1. Let j(c) = 22*c - 10. Let v(k) = 4*a(k) - j(k). Let y be v(-9). Calculate the highest common factor of 24 and y.
24
Let b(z) = -z**3 - 2*z**2 + 3*z + 21. Let w be b(-5). Let q(i) = -9*i. Let n be q(-1). What is the highest common divisor of w and n?
9
Let x(k) = -k**3 - 14*k**2 - 4*k - 9. Suppose 7*g - 11*g = 56. Let s be x(g). Let o = s + -22. What is the greatest common divisor of o and 25?
25
Suppose -5*s + c + 99 + 92 = 0, 3*s = 3*c + 117. What is the highest common divisor of s and 114?
38
Let s be 3/(-6) - (-578)/4. Let o = 1692 - 1676. Calculate the highest common factor of s and o.
16
Suppose 0 = 2*g - 5*g + 75. Let v(x) = 10*x + 275. Let u be v(-25). What is the greatest common factor of g and u?
25
Let n(y) = -103*y - 9. Let m be n(-3). What is the highest common factor of m and 375?
75
Suppose 2*o + 5*y - 1 = 0, 7*o - 3*o + 2*y - 42 = 0. Suppose -o + 11 = -r. Calculate the highest common factor of 10 and r.
2
Let u(b) = 3*b + 37. Suppose -5*s + 3*r = -3*s - 32, 0 = -4*r. Let i be u(s). What is the highest common divisor of 17 and i?
17
Let j be ((-200)/(-15) + -3)/((-3)/27). Let b = j + 97. Let w = 15 + -11. What is the highest common divisor of w and b?
4
Let a(m) = m + 16. Let l be a(-8). Suppose 14*g = l*g + 1440. Calculate the highest common divisor of 30 and g.
30
Let m(t) = -t - 64. Let l be m(-67). What is the greatest common factor of 507 and l?
3
Let t = 37 + -41. Let q(i) = -91*i + 3. Let f be q(2). Let u be f/(-4) + 3/t. What is the greatest common factor of u and 22?
22
Let o = 11 + 9. Suppose -6*m + 10 = -o. Suppose -3*q = -m*l + 148, 4*q - 116 = -3*l - q. Calculate the highest common divisor of l and 80.
16
Let w be (-6)/2*15/(-3). Let n(p) = -31*p**3 - p**2 - p - 1. Let j be n(-1). What is the greatest common divisor of j and w?
15
Let m = 16 + -14. Let h be 32/40*5/m. Let u be (-15)/h*20/(-25). Calculate the highest common divisor of u and 15.
3
Let n be (-2)/(-10) - 54/(-60)*2. Suppose n = s - 3. Calculate the greatest common factor of 55 and s.
5
Let j(f) = f**2 + 2*f - 52. Let u be j(-12). What is the greatest common factor of u and 51?
17
Let r = 375 - 357. What is the highest common factor of r and 162?
18
Let w be (16/(-4) - 0) + 49. Suppose -w = 5*s + 25. Let l be ((-16)/s)/(18/63). Calculate the greatest common factor of l and 6.
2
Let u(n) = -n**3 + 8*n**2 + 18*n. Let b be u(-6). What is the highest common factor of 44 and b?
44
Suppose 138*u - 119*u - 1064 = 0. What is the highest common factor of u and 98?
14
Let s = 35 + -29. Let i(w) be the third derivative of -49*w**4/24 - w**3/6 + w**2. Let v be i(-1). What is the highest common divisor of v and s?
6
Let v(k) = k**3 + 3*k**2 + 2*k - 1. Let m be v(-2). Let p = m + 22. Let r be (-504)/(-30)*3105/276. What is the highest common divisor of p and r?
21
Let s(x) = -5*x - 23. Let k be s(-10). Let b = -25 + k. Suppose 5*v + 103 = b*r, r + 0*r + 5*v - 59 = 0. Calculate the greatest common factor of 81 and r.
27
Let l be 250 - (34/(-6) - (-54)/81). Calculate the greatest common divisor of 680 and l.
85
Let o be 20 - (0 - (0 + 1)). Let w(b) be the first derivative of -b**3/3 + 4*b**2 - 9*b + 12. Let z be w(6). What is the highest common factor of o and z?
3
Let h = 2636 - 2430. Calculate the highest common divisor of h and 2369.
103
Let h be (132*30/9)/((-4)/(-34)). Let x be h/26 - 4/(-26). What is the highest common divisor of 16 and x?
16
Suppose 0 = -4*d - d + 4*a + 10, 3*d + 2 = 4*a. Let j be 2 + (-9)/d + (-29)/(-2). What is the greatest common factor of j and 10?
5
Let n be (-232)/2*(-11)/(-22). Let f be 4/2 - (n - -6). What is the greatest common factor of 135 and f?
27
Suppose 0 = 4*s - 5*z - 26 - 35, -3*s = 2*z - 17. Suppose 10*y = y + s. What is the greatest common divisor of 9 and y?
1
Let r(t) = -t - 5. Let a be r(-7). Let z = -6 + 8. Let y be 1 + -3 - (z - 20). What is the highest common factor of a and y?
2
Suppose 376*r = 361*r + 2880. Calculate the highest common factor of 24 and r.
24
Let r = -681 - -696. Calculate the greatest common factor of r and 1065.
15
Let y be 3/9 + 5*26/15. Calculate the highest common factor of y and 81.
9
Suppose -34 = -h - 35, -5*m + 2022 = 3*h. Calculate the highest common divisor of 15 and m.
15
Let a be 14/(-35) + (-11 - (-737)/55). Let f = 109 + -63. Calculate the greatest common divisor of f and a.
2
Suppose -2*w + 4*p + 192 = 0, 188 = 2*w - 0*w - 5*p. Suppose -40*q + 36*q + w = 0. Calculate the greatest common factor of 13 and q.
13
Let n = -13864 - -13872. Let w(k) = 17*k + 3. Let j be w(5). Calculate the greatest common factor of n and j.
8
Suppose -230 = -5*k + 7*j - 2*j, 0 = 3*j - 6. Suppose -9*g + 13*g - k = 0. Calculate the greatest common factor of 24 and g.
12
Suppose -7 = -6*g + 17. Suppose g*o - 73 + 25 = 0. What is the greatest common factor of o and 12?
12
Suppose -12*z = -4*h - 17*z + 3411, 0 = 2*h - 2*z - 1710. What is the highest common factor of h and 122?
122
Let p(r) = r**3 - 3*r**2 - 4*r + 2. Let a be p(4). Suppose a*t - 30 - 102 = 0. Suppose t = -0*n + 3*n. Calculate the highest common factor of n and 55.
11
Suppose 0 = -5*a + 7*a - 272. Let o = 12 + 5. Calculate the highest common factor of a and o.
17
Suppose 0*l + 4*k + 1018 = 2*l, -2*l - 4*k + 1010 = 0. Calculate the highest common divisor of 13 and l.
13
Let v(l) = l**3 - l**2 - 13*l + 10. Let d be v(5). Calculate the greatest common divisor of d and 5.
5
Let h be 9 + (-13)/((-39)/105). What is the highest common factor of h and 341?
11
Suppose 0 = -0*u + 3*u - 81. Let y be (324/24)/(2/12). What is the highest common factor of y and u?
27
Let t be 11270/150 + 4/(-30). Let l = -26 - -56. What is the greatest common factor of t and l?
15
Let h be (12/15)/((-2)/(-70)). Suppose -9 = -i - 5*c, -6*i = -7*i + 4*c. What is the highest common factor of h and i?
4
Suppose 3 + 3 = 2*l, -4*r - 162 = -2*l. Let t = r + -41. Let h = t - -125. Calculate the greatest common factor of 15 and h.
15
Suppose -4*f + 30 = 3*t - 2*f, -4*t = -f - 29. Suppose 4*v + 839 = -13. Let m = -125 - v. What is the highest common divisor of m and t?
8
Let d(w) = -w**2 + 15*w - 7. Let z be d(11). What is the highest common divisor of z and 296?
37
Let s(k) = k**2 + 45*k - 136. Let a be s(-49). What is the greatest common factor of 48 and a?
12
Let t be 265/5 - (-8)/(-20)*10. Calculate the highest common divisor of 119 and t.
7
Suppose 0 = -5*s - 0*s + 1815. Suppose -140*t = -3154 - 1466. Calculate the greatest common divisor of t and s.
33
Suppose 0 = -3*d - n + 74, -30 = -0*d - d - 3*n. Let i be 12 + (1 - 1)/(1 + 1). What is the highest common divisor of i and d?
12
Let a = 33 + -22. Suppose -k = -1 - a. What is the highest common divisor of k and 8?
4
Let q = -444 - -191. Let i be (q/3)/(5/(-15)). What is the highest common divisor of 23 and i?
23
Let w = -57 - -93. Suppose -2*m = 7*d - 2*d - w, m - 9 = 2*d. Suppose -p = -45 + m.